138 + 145. Let k be 6/33 + (-306)/(-11). Calculate the highest common factor of i and k.
7
Suppose 19*m - 16*m - 450 = 0. What is the greatest common factor of 75 and m?
75
Suppose -219 - 51 = -5*s. Let y = s - -116. What is the highest common divisor of 34 and y?
34
Suppose 132*h - 125*h = 238. What is the highest common factor of h and 51?
17
Let g(h) = -h + 5. Let k be g(5). Let o = k - -11. Let z be (-8)/(32/(-60)) + -4. What is the greatest common factor of o and z?
11
Let r(t) = -14*t + 0*t**3 - 12*t**2 - 2 - t**3 - 4. Suppose f - 11*f - 110 = 0. Let a be r(f). Calculate the highest common factor of 9 and a.
9
Suppose 3*j - 5 + 2 = 0. Let b(n) = 19*n**3 + 1. Let w be b(j). Calculate the highest common factor of 20 and w.
20
Suppose 8*o - 5*o = 840. Calculate the highest common divisor of o and 70.
70
Let v = 333 - -742. What is the greatest common divisor of v and 25?
25
Suppose 11*q = -3*q + 700. What is the highest common divisor of 30 and q?
10
Let p be -2 + 4/2 + -10. Let v be (-36)/30*p/3. Suppose -v*q + 14 = 2*n, 3*n - 18 = -q - 7. Calculate the greatest common divisor of 3 and q.
1
Suppose -6 = -6*n + 3*n. Let c(x) = 59*x + 12. Let a be c(n). Calculate the greatest common factor of a and 26.
26
Suppose -5*s + 8 + 17 = 0. Let n be (-1526)/(-35)*s/2. Suppose 0 = 2*p - n - 7. What is the highest common factor of 29 and p?
29
Suppose 12*t - 25 = 11*t. Calculate the greatest common divisor of t and 250.
25
Suppose 6*x - 4 - 50 = 0. Calculate the highest common divisor of x and 4.
1
Let x(v) = 59*v**2 - 1. Let p be x(-1). Let y(s) = 9*s**2 - 54*s + 168. Let f be y(3). What is the greatest common factor of p and f?
29
Let x(d) = -18*d**2 + 11 + 17*d**2 - 11*d + 4. Let q be x(-12). Suppose -2*u - 2*u + 3*o + 49 = 0, u + q*o = 1. What is the highest common factor of u and 70?
10
Suppose 0*v = 2*v - 22. Let q(l) = -l**3 - 21*l**2 - 24*l - 25. Suppose 0 = -7*b + 9*b + 40. Let w be q(b). Calculate the highest common factor of v and w.
11
Suppose 5*x - 6*x - v = -122, -2*x + 242 = 3*v. Let t = -103 + x. Let f = 7 + 0. Calculate the greatest common factor of t and f.
7
Let o(l) = 4*l - 17. Let f be o(7). Suppose s + 2*s = -4*x + f, -s = -5*x + 28. Let a = x + 15. What is the greatest common divisor of 50 and a?
10
Let u = -23 + 17. Let p = 27 - u. Let t = -7 + 10. Calculate the greatest common divisor of p and t.
3
Suppose -4*i + 1276 = -0*i. Suppose -v = 2*m - 161, -4*m + 3*v - 2*v = -i. Calculate the highest common factor of 20 and m.
20
Suppose -26 = -4*h - 3*n, 2*h + 5 = -n + 17. What is the greatest common factor of h and 1115?
5
Suppose -176*j = -183*j + 385. Calculate the highest common divisor of j and 110.
55
Let d = 4 + -10. Let n be -2*9/d*1. Suppose o = -n*k + 241, -3*k + 239 = o - 2*o. Calculate the highest common divisor of k and 16.
16
Let k(q) = -q**3 + 5*q**2 - 6*q + 10. Let c be k(4). Suppose 5*b - o - 8 = 32, 0 = -c*b + 2*o + 16. Calculate the highest common factor of 64 and b.
8
Let c be -5*44/5*-2. Suppose 373*y + 373*y - 750*y = -44. Calculate the highest common divisor of c and y.
11
Let u = 1 - -11. Suppose -64 + u = -4*w. What is the greatest common factor of w and 143?
13
Suppose s = -0*s - 30. Let f be (s/(-12))/((-1)/(-4)). Let r = 36 + f. What is the greatest common divisor of 23 and r?
23
Let a = -155 + 163. Suppose 124 = 5*i + g, g = -0 + 4. Calculate the highest common divisor of a and i.
8
Suppose -9*x = -6*x, 2*x = 5*k - 490. Suppose 3*s = 10*s - k. Calculate the greatest common divisor of s and 14.
14
Let k be (5 - 14) + 2 + (-1)/1. Let w(t) = -t**2 - 9*t - 6. Let s be w(k). What is the highest common divisor of s and 18?
2
Suppose 0 = -4*r - r. Suppose 0 = 3*q + 4*k - 25 + 92, 3*q + 5*k + 65 = r. Let f be q*(0 - 3)/3. Calculate the greatest common factor of 175 and f.
25
Let n be -18*((-3)/6 + 2). Let w = n - -30. What is the greatest common divisor of w and 18?
3
Let v be 0/7 - 3/((-6)/4). Suppose 5 - v = -k, -j = 2*k - 170. Calculate the greatest common factor of j and 16.
16
Let b = 992 - 867. Suppose 0 = 2*o - 83 - 17. What is the highest common divisor of b and o?
25
Let o = 100 + -64. Let c be o/(-96) + 1083/8. Calculate the highest common factor of 54 and c.
27
Let p = -451 + 455. What is the greatest common divisor of p and 81?
1
Suppose 0 = 4*h - h + 78. Let x = h - -20. Let b = x + 12. What is the greatest common factor of b and 9?
3
Let i = 531 - 279. What is the greatest common divisor of i and 48?
12
Let k(c) = 256*c**2 - c + 1. Let s be k(1). What is the greatest common factor of 24 and s?
8
Let j be -4 - 2 - (-4 - 450). What is the greatest common factor of j and 168?
56
Let z(r) = 23*r**2 - 31*r + 77. Let s be z(5). Calculate the greatest common divisor of 14 and s.
7
Suppose -8*z + 1357 = 125. What is the highest common divisor of 42 and z?
14
Suppose -89*z + 84*z + 99 = 4*h, -5*h - 15 = -3*z. Let g = 19 - 4. What is the greatest common divisor of g and z?
15
Let h be 476/44 - 2/(-11). Suppose -3*d - 1584 = -h*d. Calculate the greatest common divisor of 18 and d.
18
Suppose 32*w - 6 = 30*w + 3*k, w - 4*k = -7. What is the greatest common divisor of w and 45?
9
Suppose 1480 = 56*w + 136. What is the greatest common factor of w and 414?
6
Suppose -522 = -4*h - 2*m, h - 127 = -3*m - m. Let q = -111 + h. What is the greatest common factor of 20 and q?
20
Suppose 13 = 2*w - 5. Let z be 15/(-6)*(-8)/10. Let m(u) = 4*u**2 + 3*u - 4. Let k be m(z). Calculate the highest common factor of w and k.
9
Let b(u) = u**2 - 2*u - 110. Let h be b(12). What is the greatest common factor of 4 and h?
2
Let c(z) = -z + 90. Let x be c(0). Let r = 5 - 1. Suppose r*d = -d + x. Calculate the highest common divisor of 2 and d.
2
Let z be 11*(-27)/(0 + -9). Calculate the greatest common factor of 209 and z.
11
Let m(a) = a**2 + 6. Let k be m(0). Let c(h) = h**2 + 2*h + 42. Let y be c(0). Calculate the greatest common divisor of k and y.
6
Suppose k + 336 - 1236 = 0. Calculate the highest common divisor of 120 and k.
60
Let j = 408 - 383. Calculate the highest common divisor of 425 and j.
25
Let t(m) = -m**2 - 4*m + 6. Let v be 1/6 + 31/(-6). Let k be t(v). Let w = k + 0. What is the highest common divisor of 11 and w?
1
Let d = 141 + -138. Calculate the highest common divisor of d and 2.
1
Let i(z) = -2*z**2 - 42*z - 150. Let d be i(-15). Let l(b) = -17*b + 5. Let m be l(-5). What is the greatest common divisor of m and d?
30
Let o be (6 + (-11 - -2))*-11. Calculate the highest common divisor of 9 and o.
3
Suppose -3*g = 2*k - 4*k - 274, -3*k - 279 = -3*g. Suppose -4*o + 18 - 34 = 0, -3*s + o + 37 = 0. What is the greatest common divisor of s and g?
11
Suppose 6*f + 40 - 52 = 0. What is the highest common divisor of f and 6?
2
Suppose 2*z - 2 = -3*f - 7, -1 = 3*f + 4*z. Let b be (-2)/(-8) - 141/4. Let i be 14/f*30/b. Calculate the greatest common divisor of 12 and i.
4
Let r be 6*-2*3/(-4). Let l = r - 3. Let o(n) = -3*n - 108. Let d be o(-38). Calculate the greatest common factor of l and d.
6
Suppose 7*q - 70 = 7. Let n = q + -7. What is the greatest common factor of n and 32?
4
Let g = -1930 - -1942. Calculate the greatest common factor of g and 69.
3
Let g(r) = r**2 + 6*r - 6. Let q be ((-9)/(-15))/((-5)/(3 - -72)). Let k be g(q). What is the highest common divisor of k and 7?
7
Let f = -39 - -81. Suppose -f = -l + 6. Suppose 0 = 7*r - 9*r + l. What is the highest common factor of r and 120?
24
Let w be ((-5)/5)/(1/(-2)). Suppose w*p = 22 + 302. Let s be ((-8)/(-10))/(18/405). Calculate the highest common divisor of s and p.
18
Suppose -5*n = -27 - 18. Let p = 39 - 36. Calculate the greatest common divisor of p and n.
3
Let h(x) = -29*x - 6. Let p be h(-2). Calculate the highest common divisor of p and 338.
26
Let o = 14 + 52. Suppose 2*z - 3*d + d - 102 = 0, 4*d = -4. Let x = z + -28. What is the highest common factor of x and o?
22
Let x be (-620)/(-15) + -1 + (-1)/3. What is the highest common factor of 32 and x?
8
Suppose 0 = -28*u + u + 8775. What is the greatest common factor of 130 and u?
65
Let l be 5*1 - (6 - (4 - 1)). Let u = 90 - 82. What is the greatest common divisor of u and l?
2
Suppose q = -u + 155, 2*q = -5*u + 239 + 56. Calculate the greatest common divisor of 60 and q.
20
Suppose -4*k = -j + 